{"id":423,"date":"2022-07-06T14:13:37","date_gmt":"2022-07-06T14:13:37","guid":{"rendered":"https:\/\/www.kolroser.at\/wordpress\/?page_id=423"},"modified":"2022-07-16T17:19:48","modified_gmt":"2022-07-16T17:19:48","slug":"datenschutz","status":"publish","type":"page","link":"https:\/\/www.kolroser.at\/wordpress\/datenschutz\/","title":{"rendered":"DATENSCHUTZ"},"content":{"rendered":"<p>[et_pb_section fb_built=&#8220;1&#8243; _builder_version=&#8220;4.17.4&#8243; _module_preset=&#8220;default&#8220; custom_padding=&#8220;||31px|||&#8220; global_colors_info=&#8220;{}&#8220;][et_pb_row _builder_version=&#8220;4.17.4&#8243; _module_preset=&#8220;default&#8220; global_colors_info=&#8220;{}&#8220;][et_pb_column type=&#8220;4_4&#8243; _builder_version=&#8220;4.17.4&#8243; _module_preset=&#8220;default&#8220; global_colors_info=&#8220;{}&#8220;][et_pb_text _builder_version=&#8220;4.17.4&#8243; _module_preset=&#8220;default&#8220; text_font=&#8220;Arial||||||||&#8220; text_font_size=&#8220;16px&#8220; text_line_height=&#8220;1.8em&#8220; link_font=&#8220;Arial||||||||&#8220; link_text_color=&#8220;#666666&#8243; header_2_font=&#8220;Georgia|700|||||||&#8220; header_2_font_size=&#8220;40px&#8220; header_2_line_height=&#8220;2em&#8220; hover_enabled=&#8220;0&#8243; header_2_font_size_tablet=&#8220;30px&#8220; header_2_font_size_phone=&#8220;18px&#8220; header_2_font_size_last_edited=&#8220;on|desktop&#8220; global_colors_info=&#8220;{}&#8220; link_font_size=&#8220;16px&#8220; link_line_height=&#8220;1.8em&#8220; sticky_enabled=&#8220;0&#8243;]<\/p>\n<h2 class=\"et_pb_module_header\"><span>DATENSCHUTZERKL\u00c4RUNG<\/span><\/h2>\n<div class=\"et_pb_blurb_description\">\n<p><span><b>Geltungsbereich<\/b><\/span><\/p>\n<p><span>Diese Datenschutzerkl\u00e4rung soll die Nutzer dieser Website gem\u00e4\u00df Bundesdatenschutzgesetz und Telemediengesetz \u00fcber die Art, den Umfang und den Zweck der Erhebung und Verwendung personenbezogener Daten durch den Websitebetreiber Kolroser Event-Marketing informieren.<\/span><\/p>\n<p><span>Der Schutz Ihrer pers\u00f6nlichen Daten ist uns ein besonderes Anliegen. Wir verarbeiten Ihre Daten daher ausschlie\u00dflich auf Grundlage der gesetzlichen Bestimmungen (DSGVO, TKG 2003). In diesen Datenschutzinformationen informieren wir Sie \u00fcber die wichtigsten Aspekte der Datenverarbeitung im Rahmen unserer Website.\u00a0<\/span><span>Da durch neue Technologien und die sta\u0308ndige Weiterentwicklung dieser Webseite A\u0308nderungen an dieser Datenschutzerkla\u0308rung vorgenommen werden ko\u0308nnen, empfehlen wir Ihnen sich die Datenschutzerkla\u0308rung in regelma\u0308\u00dfigen Absta\u0308nden wieder durchzulesen.\u00a0<\/span><span>Definitionen der verwendeten Begriffe (z.B. \u201cpersonenbezogene Daten\u201d oder \u201cVerarbeitung\u201d) <\/span><span>finden Sie in Art. 4 DSGVO. Wir verwenden zur sicheren \u00dcbertragung Ihrer Daten das Plug-In Really Simple SSL. Really Simple SSL und Really Simple SSL Add-ons verarbeiten keine personenbezogenen Daten, so dass die DSGVO bei diesen Plugins oder die Benutzung dieser Plugins auf unserer Website keine Anwendung findet. N\u00e4here Informationen entnehmen Sie bitte der Datenschutzerkl\u00e4rung des Anbieters: <a href=\"https:\/\/really-simple-ssl.com\/legal\/privacy-statement\/\" target=\"_blank\" rel=\"noopener\">https:\/\/really-simple-ssl.com\/legal\/privacy-statement\/<\/a><\/span><\/p>\n<p><span><b>Zugriffsdaten<\/b><\/span><\/p>\n<p><span>Der Websitebetreiber bzw. Seitenprovider erhebt Daten \u00fcber Zugriffe auf die Seite und speichert diese als \u201eServer-Logfiles\u201c ab. Folgende Daten werden so protokolliert:<\/span><\/p>\n<ul>\n<li><span>Besuchte Website<\/span><\/li>\n<li><span>Uhrzeit zum Zeitpunkt des Zugriffes<\/span><\/li>\n<li><span>Menge der gesendeten Daten in Byte<\/span><\/li>\n<li><span>Quelle\/Verweis, von welchem Sie auf die Seite gelangten<\/span><\/li>\n<li><span>Verwendeter Browser<\/span><\/li>\n<li><span>Verwendetes Betriebssystem<\/span><\/li>\n<li><span>Verwendete IP-Adresse<\/span><\/li>\n<\/ul>\n<p><span>Die erhobenen Daten dienen lediglich zur statistischen Auswertung und zur Verbesserung der Website. Der Websitebetreiber beh\u00e4lt sich allerdings vor, die Server-Logfiles nachtr\u00e4glich zu \u00fcberpr\u00fcfen, sollten konkrete Anhaltspunkte auf eine rechtswidrige Nutzung hinweisen. Die Server-Logfiles werden fu\u0308r maximal 7 Tage gespeichert und anschlie\u00dfend gelo\u0308scht. Die Speicherung der Daten erfolgt aus Sicherheitsgru\u0308nden, um z. B. Missbrauchsfa\u0308lle aufkla\u0308ren zu ko\u0308nnen. Mu\u0308ssen Daten aus Beweisgru\u0308nden aufgehoben werden, sind sie solange von der Lo\u0308schung ausgenommen bis der Vorfall endgu\u0308ltig gekla\u0308rt ist.<\/span><\/p>\n<p><span><b>Kontakt mit uns<\/b><\/span><\/p>\n<p><span>Nehmen Sie durch die angebotenen Kontaktm\u00f6glichkeiten Verbindung mit uns auf, werden Ihre Angaben gespeichert, damit auf diese zur Bearbeitung und Beantwortung Ihrer Anfrage zur\u00fcckgegriffen werden kann. Ohne Ihre Einwilligung werden diese Daten nicht an Dritte weitergegeben.<\/span><\/p>\n<p><span><b>Reichweitenmessung &amp; Cookies<\/b><\/span><\/p>\n<p>Diese Website verwendet Cookies zur pseudonymisierten Reichweitenmessung, die entweder von unserem Server oder dem Server Dritter an den Browser des Nutzers\u00a0u\u0308bertragen werden. Bei Cookies handelt es sich um kleine Dateien, welche auf Ihrem Endgera\u0308t gespeichert werden. Ihr Browser greift auf diese Dateien zu. Durch den Einsatz von Cookies erho\u0308ht sich die Benutzerfreundlichkeit und Sicherheit dieser Website. Hinweis: Es ist nicht gew\u00e4hrleistet, dass Sie auf alle Funktionen dieser Website ohne Einschr\u00e4nkungen zugreifen k\u00f6nnen, wenn Sie entsprechende Einstellungen vornehmen.<\/p>\n<div class=\"page\" title=\"Page 1\">\n<div class=\"layoutArea\">\n<div class=\"column\">\n<div class=\"page\" title=\"Page 2\">\n<div class=\"layoutArea\">\n<div class=\"column\">\n<p><span>Falls Sie nicht mo\u0308chten, dass Cookies zur Reichweitenmessung auf Ihrem Endgera\u0308t gespeichert werden, ko\u0308nnen Sie dem Einsatz dieser Dateien hier widersprechen:<\/span><\/p>\n<ul>\n<li><span>Cookie-Deaktivierungsseite der Netzwerkwerbeinitiative: <\/span><a href=\"http:\/\/optout.aboutads.info\/?c=2#!\/\" target=\"_blank\" rel=\"noopener\"><span>http:\/\/optout.networkadvertising.org\/?c=1#!\/<\/span><\/a><\/li>\n<li><span>Cookie-Deaktivierungsseite der US-amerikanischen Website: <\/span><a href=\"http:\/\/optout.aboutads.info\/?c=2#!\/\" target=\"_blank\" rel=\"noopener\"><span>http:\/\/optout.aboutads.info\/?c=2#!\/<\/span><\/a><\/li>\n<li><span>Cookie-Deaktivierungsseite der europa\u0308ischen Website: <\/span><a href=\"http:\/\/optout.aboutads.info\/?c=2#!\/\" target=\"_blank\" rel=\"noopener\"><span>http:\/\/optout.networkadvertising.org\/?c=1#!\/<\/span><\/a><\/li>\n<\/ul>\n<p><strong>Erfassung und Verarbeitung personenbezogener Daten<\/strong><\/p>\n<p><span>Der Websitebetreiber erhebt, nutzt und gibt Ihre personenbezogenen Daten nur dann weiter, wenn dies im gesetzlichen Rahmen erlaubt ist oder Sie in die Datenerhebung einwilligen. Als personenbezogene Daten gelten sa\u0308mtliche Informationen, welche dazu dienen, Ihre Person zu bestimmen und welche zu Ihnen zuru\u0308ckverfolgt werden ko\u0308nnen <\/span><span>\u2013 <\/span><span>also beispielsweise Ihr Name, Ihre E-Mail-Adresse und Telefonnummer.<\/span><\/p>\n<p><span>Diese Website ko\u0308nnen Sie auch besuchen, ohne Angaben zu Ihrer Person zu machen. Zur Verbesserung unseres Online-Angebotes speichern wir jedoch (ohne Personenbezug) Ihre Zugriffsdaten auf diese Website. Zu diesen Zugriffsdaten geho\u0308ren z. B. die von Ihnen angeforderte Datei oder der Name Ihres Internet-Providers. Durch die Anonymisierung der Daten sind Ru\u0308ckschlu\u0308sse auf Ihre Person nicht mo\u0308glich.<\/span><\/p>\n<p><span><b>Kommentare und Berichte<\/b><\/span><\/p>\n<p><span>Sie als Nutzer haben auf dieser Website weder die M\u00f6glichkeit einen Kommentar zu einem Beitrag zu verfassen, noch k\u00f6nnen Sie selbst Beitr\u00e4ge oder Bilder hochladen.<\/span><\/p>\n<div class=\"page\" title=\"Page 4\">\n<div class=\"layoutArea\">\n<div class=\"column\">\n<p><b><\/b><\/p>\n<p><b>Rechte des Nutzers: Auskunft, Berichtigung und L\u00f6schung<\/b><\/p>\n<p>Sie haben als Nutzer das Recht, auf Antrag eine kostenlose Auskunft daru\u0308ber zu erhalten, welche personenbezogenen Daten u\u0308ber Sie gespeichert wurden. Sie haben au\u00dferdem das Recht auf Berichtigung falscher Daten und auf die Verarbeitungseinschra\u0308nkung oder Lo\u0308schung Ihrer personenbezogenen Daten. Falls zutreffend, ko\u0308nnen Sie auch Ihr Recht auf Datenportabilita\u0308t geltend machen. Sollten Sie annehmen, dass Ihre Daten unrechtma\u0308\u00dfig verarbeitet wurden, ko\u0308nnen Sie eine Beschwerde bei der zusta\u0308ndigen Aufsichtsbeho\u0308rde einreichen.<\/p>\n<p><b>L\u00f6schung von Daten<\/b><\/p>\n<p>Sofern Ihr Wunsch nicht mit einer gesetzlichen Pflicht zur Aufbewahrung von Daten (z. B. Vorratsdatenspeicherung) kollidiert, haben Sie ein Anrecht auf Lo\u0308schung Ihrer Daten. Von uns gespeicherte Daten werden, sollten sie fu\u0308r ihre Zweckbestimmung nicht mehr vonno\u0308ten sein und es keine gesetzlichen Aufbewahrungsfristen geben, gelo\u0308scht. Falls eine Lo\u0308schung nicht durchgefu\u0308hrt werden kann, da die Daten fu\u0308r zula\u0308ssige gesetzliche Zwecke erforderlich sind, erfolgt eine Einschra\u0308nkung der Datenverarbeitung. In diesem Fall werden die Daten gesperrt und nicht fu\u0308r andere Zwecke verarbeitet.<\/p>\n<p><b>Widerspruchsrecht<\/b><\/p>\n<p>Nutzer dieser Webseite ko\u0308nnen von ihrem Widerspruchsrecht Gebrauch machen und der Verarbeitung ihrer personenbezogenen Daten zu jeder Zeit widersprechen. Wenn Sie eine Berichtigung, Sperrung, Lo\u0308schung oder Auskunft u\u0308ber die zu Ihrer Person gespeicherten personenbezogenen Daten wu\u0308nschen oder Fragen bzgl. der Erhebung, Verarbeitung oder Verwendung Ihrer personenbezogenen Daten haben oder erteilte Einwilligungen widerrufen mo\u0308chten, wenden Sie sich bitte an folgende E-Mail-Adresse: <a href=\"mailto:office@kolroser.at\" target=\"_blank\" rel=\"noopener\"><span style=\"text-decoration: underline;\">office@kolroser.at<\/span><\/a><\/p>\n<\/div>\n<\/div>\n<\/div>\n<\/div>\n<\/div>\n<\/div>\n<\/div>\n<\/div>\n<\/div>\n<\/div>\n<p>[\/et_pb_text][\/et_pb_column][\/et_pb_row][\/et_pb_section][et_pb_section fb_built=&#8220;1&#8243; _builder_version=&#8220;4.17.4&#8243; _module_preset=&#8220;default&#8220; custom_padding=&#8220;30px||70px|||&#8220; global_colors_info=&#8220;{}&#8220;][et_pb_row _builder_version=&#8220;4.17.4&#8243; _module_preset=&#8220;default&#8220; global_colors_info=&#8220;{}&#8220;][et_pb_column type=&#8220;4_4&#8243; _builder_version=&#8220;4.17.4&#8243; _module_preset=&#8220;default&#8220; global_colors_info=&#8220;{}&#8220;][et_pb_text _builder_version=&#8220;4.17.4&#8243; _module_preset=&#8220;default&#8220; text_font=&#8220;Arial||||||||&#8220; text_font_size=&#8220;16px&#8220; text_line_height=&#8220;1.8em&#8220; header_font=&#8220;Georgia|700|||||||&#8220; header_font_size=&#8220;40px&#8220; header_line_height=&#8220;2em&#8220; header_2_font=&#8220;Georgia|700|||||||&#8220; header_2_font_size=&#8220;30px&#8220; header_2_line_height=&#8220;2em&#8220; hover_enabled=&#8220;0&#8243; header_font_size_tablet=&#8220;40px&#8220; header_font_size_phone=&#8220;30px&#8220; header_font_size_last_edited=&#8220;on|phone&#8220; header_2_font_size_tablet=&#8220;30px&#8220; header_2_font_size_phone=&#8220;18px&#8220; header_2_font_size_last_edited=&#8220;on|desktop&#8220; global_colors_info=&#8220;{}&#8220; sticky_enabled=&#8220;0&#8243;]<\/p>\n<h2 class=\"et_pb_module_header\"><span>ALLGEMEINE NUTZUNGSBEDINGUNGEN<\/span><\/h2>\n<div class=\"et_pb_blurb_description\">\n<p id=\"u13364-4\">Der Nutzer anerkennt, dass die Nutzung der von Kolroser Event-Marketing angebotenen Dienste im Internet ausschlie\u00dflich unter Anwendung dieser allgemeinen Nutzungsbedingungen erfolgt. Der Nutzer nimmt zur Kenntnis, dass die Firma\u00a0Kolroser Event-Marketing keine Verpflichtung \u00fcbernimmt, die von ihr im Internet angebotenen Dienste unterbrechungsfrei und jederzeit abrufbar zu halten.<\/p>\n<p id=\"u13364-6\">Sowohl die Zurverf\u00fcgungstellung als auch die Nutzung der Dienste und Inhalte unterliegen den einschl\u00e4gigen gesetzlichen Regelungen insbesondere des Datenschutzes, des Urheberrechts sowie des Marken- und Musterschutzes.<\/p>\n<p id=\"u13364-8\">Die auf den Internetseiten von Kolroser Event-Marketing wiedergegebenen Inhalte dienen, trotz eingehender Recherche und Aufarbeitung, lediglich zur Information. F\u00fcr dennoch enthaltene Fehler kann keine wie immer geartete Haftung \u00fcbernommen werden. Weiters erkl\u00e4rt sich die Firma Kolroser Event-Marketing\u00a0als nicht verantwortlich f\u00fcr den Inhalt von Internetseiten, auf die mit einem Link verwiesen wird.<\/p>\n<p id=\"u13364-10\">Bei Verlinkungen auf weitere Online-Angebote \u00fcbernehmen wir keine Haftung \u00fcber den Inhalt, Funktionalit\u00e4t und Verf\u00fcgbarkeit der verlinkten Webseite(n). Dies gilt auch bei allen anderen direkten oder indirekten Verweisen oder Verlinkungen auf fremde Internetangebote. Links auf diese Website sind erw\u00fcnscht, wenn sie als externe Links in einem eigenen Browserfenster gestaltet sind. Eine \u00dcbernahme des Hauptfensters in einen Frame des Linksetzers ist unzul\u00e4ssig.<\/p>\n<\/div>\n<p>[\/et_pb_text][\/et_pb_column][\/et_pb_row][\/et_pb_section]<\/p>\n","protected":false},"excerpt":{"rendered":"<p>DATENSCHUTZERKL\u00c4RUNG Geltungsbereich Diese Datenschutzerkl\u00e4rung soll die Nutzer dieser Website gem\u00e4\u00df Bundesdatenschutzgesetz und Telemediengesetz \u00fcber die Art, den Umfang und den Zweck der Erhebung und Verwendung personenbezogener Daten durch den Websitebetreiber Kolroser Event-Marketing informieren. Der Schutz Ihrer pers\u00f6nlichen Daten ist uns ein besonderes Anliegen. Wir verarbeiten Ihre Daten daher ausschlie\u00dflich auf Grundlage der gesetzlichen Bestimmungen (DSGVO, [&hellip;]<\/p>\n","protected":false},"author":2,"featured_media":0,"parent":0,"menu_order":0,"comment_status":"closed","ping_status":"closed","template":"","meta":{"_et_pb_use_builder":"on","_et_pb_old_content":"","_et_gb_content_width":"","footnotes":""},"class_list":["post-423","page","type-page","status-publish","hentry"],"_links":{"self":[{"href":"https:\/\/www.kolroser.at\/wordpress\/wp-json\/wp\/v2\/pages\/423","targetHints":{"allow":["GET"]}}],"collection":[{"href":"https:\/\/www.kolroser.at\/wordpress\/wp-json\/wp\/v2\/pages"}],"about":[{"href":"https:\/\/www.kolroser.at\/wordpress\/wp-json\/wp\/v2\/types\/page"}],"author":[{"embeddable":true,"href":"https:\/\/www.kolroser.at\/wordpress\/wp-json\/wp\/v2\/users\/2"}],"replies":[{"embeddable":true,"href":"https:\/\/www.kolroser.at\/wordpress\/wp-json\/wp\/v2\/comments?post=423"}],"version-history":[{"count":0,"href":"https:\/\/www.kolroser.at\/wordpress\/wp-json\/wp\/v2\/pages\/423\/revisions"}],"wp:attachment":[{"href":"https:\/\/www.kolroser.at\/wordpress\/wp-json\/wp\/v2\/media?parent=423"}],"curies":[{"name":"wp","href":"https:\/\/api.w.org\/{rel}","templated":true}]}}